se -p + 23 + z = 0. Calculate the remainder when p is divided by 9.
6
Let z = -90 - -110. Calculate the remainder when 97 is divided by z.
17
Let d = 8 - 3. Suppose 0 = -5*g + d, 0*g = -4*o + g + 315. Calculate the remainder when o is divided by 20.
19
Let z(n) = -4*n - 6. Let w(c) = c**2 + 5*c. Let p be w(-4). What is the remainder when 19 is divided by z(p)?
9
Let q(a) = 2*a - 1. Suppose -w = -6 + 2. Suppose w*f + 8 = -2*x, 0 = x + x + 2*f. Calculate the remainder when 13 is divided by q(x).
6
Calculate the remainder when 17 is divided by (-4)/(-6)*216/16.
8
Let o(k) = -k**2 + 16*k - 10. Let w = 6 - -2. What is the remainder when o(4) is divided by w?
6
Suppose 3*g - 28 = 2*g. Let r(h) = -h**3 - 7*h**2 - 7*h + 4. What is the remainder when g is divided by r(-6)?
8
Let w = 4 - 0. Calculate the remainder when 38 is divided by -39*(1 - w/3).
12
Let d be ((-4)/(-3))/(4/42). Suppose 0 = -3*l + 25 + d. What is the remainder when l is divided by 7?
6
Let f(l) = -3*l + 1. Let x be f(-4). Let o = x + -6. Calculate the remainder when o is divided by 3.
1
Suppose q + g - 15 = 0, 0*q - q - 2*g + 20 = 0. Let k(h) = -3 + q*h**2 - 3 + h**3 - 2 - h. Calculate the remainder when k(-10) is divided by 1.
0
Suppose -5*h + 2*h = -9. Let x = 0 + 10. Suppose 4*n - 30 = x. Calculate the remainder when n is divided by h.
1
Suppose 0 = -4*f - 2*s + 254, -f - 3*s - 5 = -71. Calculate the remainder when f is divided by 33.
30
Let j(v) = 2*v - 4. Let d be j(7). What is the remainder when 3/15 + 88/d is divided by 5?
4
Let d be ((-4)/4 - 239) + -2. Suppose 2*z + 0*c - 2*c - 40 = 0, -4*c = 2*z - 70. Calculate the remainder when d/(-5) + 6/(-15) is divided by z.
23
Calculate the remainder when -2 + (2 - 0 - -52) is divided by 18.
16
Suppose -3*d + 165 = d - 5*j, 2*d + 4*j - 102 = 0. Let y = d + -27. Calculate the remainder when y is divided by 2/(-4)*(-1 + -19).
8
Let c(y) = -2*y - 12. Let t be c(-6). Suppose t = 12*i - 11*i - 11. What is the remainder when 18 is divided by i?
7
Suppose 61 = -3*m + 4*m. Let y = m + -28. Calculate the remainder when y is divided by 18.
15
Suppose -6*s + 20 = 3*b - 5*s, 5*b = -5*s + 30. Calculate the remainder when (-2)/3*(-9)/(-6) + 21 is divided by b.
6
Suppose 4*s - 12 = u, -3*u + s + 20 - 1 = 0. Let r = u + -4. Suppose -r*g = -g - 30. What is the remainder when g is divided by 6?
4
Let b = -1 - -15. Let h be 32/b - (-2)/(-7). Suppose -74 = -h*a - 4*m, 3*a + m - 106 = -0*m. What is the remainder when a is divided by 12?
11
Let k(u) = 2*u**2 - 10*u - 13. What is the remainder when k(8) is divided by 18?
17
Suppose 14*p - 466 = 122. What is the remainder when p is divided by 86/8 + 1/4?
9
Let v = -41 + 46. Calculate the remainder when 12 is divided by v.
2
Suppose 2*d - 2*h = 110, -3*d - 5*h + 70 = -63. What is the remainder when d is divided by 13?
12
Let b = -47 + 110. Calculate the remainder when 6*7/(b/6) is divided by 2.
0
Let y = -42 + 69. Calculate the remainder when y is divided by 8.
3
Suppose 0*j + 2 = v + j, -32 = -4*v + 4*j. Calculate the remainder when (-20)/v*10/(-4) is divided by (-2 - -3)/((-1)/(-4)).
2
Suppose -3*p - 2*l = 8, l - 11 - 3 = 3*p. Let j(d) = d**3 + 5*d**2 + 2*d - 5. What is the remainder when ((-4)/2)/((-3)/6) is divided by j(p)?
1
Let m(a) = 5*a**2 - 23*a + 16. What is the remainder when m(9) is divided by 36?
34
Let c be 1 + -2*(-86)/4. Suppose 0 = 5*k - 2*w - 168, k + 4 - c = 2*w. What is the remainder when k is divided by 11?
10
Let x = 7 + -5. Suppose -3 - x = -t. Calculate the remainder when t is divided by 3.
2
Let s(y) = y**2 - 2*y + 6. Calculate the remainder when s(-3) is divided by 13.
8
Let m = 15 - 1. Let x = 41 + -26. Let i = x - 10. What is the remainder when m is divided by i?
4
Suppose 11*y - 8*y = 42. Calculate the remainder when 54 is divided by y.
12
Let t be (-20)/(-6)*(-3)/(-2). Suppose -b - 5*a = -19 + 2, -t*a - 11 = -3*b. Calculate the remainder when 25 is divided by b.
4
Let p = 139 - 69. Calculate the remainder when p is divided by 18.
16
Let u = -7 + 17. What is the remainder when (4/(-6))/((-2)/57) is divided by u?
9
Let n = 65 - 42. Let b(x) = 8*x + 1. Calculate the remainder when n is divided by b(1).
5
Suppose 3*m - 29 + 2 = 0. Suppose m = -4*k + 81. Suppose 33 = 4*g + 5. What is the remainder when k is divided by g?
4
Suppose 4*q - 4*o + 14 = -2, -2*q - 23 = -5*o. Let t = q + 1. Calculate the remainder when 2 is divided by t.
0
Let k = -8 - -4. Let q = 7 - k. Calculate the remainder when q is divided by (-6)/(-36) - 23/(-6).
3
Let f = -7 + 5. Let v(p) = 4*p**2 + 7*p + 2. Calculate the remainder when v(-5) is divided by (-46)/(f/(-2) - 3).
21
Suppose 5*j = 3*a + 159, 4*a + 87 + 70 = 5*j. Calculate the remainder when j is divided by (0 - -1)/((-2)/(-34)).
16
Suppose 0 = 5*g - 2*i - 245 + 2, -5*g + 3*i = -247. Suppose 3*u - 14 + 5 = 0. What is the remainder when g is divided by (u/(-2))/((-9)/96)?
15
Let x(j) = j - 5. Let c = 5 - -1. Calculate the remainder when 2 is divided by x(c).
0
Let c(g) = 13*g**3 + g**2 - 1. Let t be 2/7 - (-5)/7. What is the remainder when c(t) is divided by (-1 + 9 + -1)*1?
6
Let k = -7 + 15. Let c = 15 + 1. What is the remainder when k is divided by (6 + -2)*12/c?
2
Let r(x) = -6*x - 8. What is the remainder when r(-5) is divided by 4?
2
Let h(q) = q. Suppose -2*j + 2*s = 2*j - 80, -3*j = 3*s - 51. What is the remainder when j is divided by h(5)?
4
Suppose -4*n + 90 = n - 5*u, n + 7 = -4*u. Suppose 0 = 4*i - 151 + 3. Calculate the remainder when i is divided by n.
11
Let y = 173 + -167. Suppose 3*q = -6 + 51. What is the remainder when q is divided by y?
3
Let w = 36 - 23. What is the remainder when 20 is divided by w?
7
Let l be 3*((-78)/(-9))/1. Suppose -p = 6 - l. What is the remainder when p is divided by 7?
6
Suppose 8*y - 660 = 2*y. What is the remainder when y is divided by 28?
26
Let t be (-18)/((-9)/(-24)*-2). Let z = 41 - t. Calculate the remainder when z is divided by 6.
5
Let m be 0/(-4) - -1*3. Suppose u + 0*u = m. Calculate the remainder when ((-3)/3)/(2/(-14)) is divided by u.
1
Suppose q = -3*q + 236. Suppose -l = -w + 14, -2*w - w = 4*l - 35. Let z = w + 7. What is the remainder when q is divided by z?
19
Suppose 4*b - 45 - 14 = -5*h, 2*b + 4*h = 34. Let l be 36 - (-1*2 - -2). Suppose 0 = -3*g + 24 + l. What is the remainder when g is divided by b?
9
Suppose -3 = 2*b - 13. Suppose -3*a = -8*a + 3*u + 223, b*a = 5*u + 225. Calculate the remainder when a is divided by 15.
14
Let n = 18 + -14. Suppose 0 = n*m - 9*m + 55. Calculate the remainder when (-214)/(-10) + 4/(-10) is divided by m.
10
Suppose 0 = -2*i + 17 + 13. Calculate the remainder when 57 is divided by i.
12
Let c(r) = -r**2 - 11*r + 13. Calculate the remainder when 38 is divided by c(-11).
12
Let s(l) = -l**3 - 6*l**2 - l - 3. Let h be s(-6). Suppose 7*x - h*x = 16. Suppose k + 1 = 0, -k - 63 = -r + x*k. What is the remainder when r is divided by 15?
13
Suppose 5*d = 59 + 21. What is the remainder when 63 is divided by d?
15
Let c be (-2 + 10)*(-1)/(-2). Suppose -2*a - a + 53 = -4*i, 77 = c*a + i. What is the remainder when a is divided by 10?
9
Suppose 5*u - 6*u = -7. Let m(b) = -b**2 + 7*b + 10. What is the remainder when 28 is divided by m(u)?
8
Let s be (-195)/(-20) + 2/8. Suppose -5 = -y + s. Calculate the remainder when 29 is divided by y.
14
Suppose -4*v + 43 = -3*v. Calculate the remainder when 169 is divided by v.
40
Suppose 0 = v - 3*d - 8, d + 4 = -0. Suppose -74 = -16*r - 10. Calculate the remainder when r is divided by (-1 + (-2)/(-4))*v.
0
Suppose 5*q + 0*b = -5*b + 70, 0 = -4*q + 4*b + 40. Calculate the remainder when (-233)/(-5) + (-4)/(-10) is divided by q.
11
Let i = 71 + -46. Calculate the remainder when 46 is divided by i.
21
Let k = 140 + -137. Calculate the remainder when 36 is divided by k.
0
Let j be 1 - 1/(1/(-28)). Suppose 3*q = q - 5*r + 40, 0 = -3*q - r + 34. Let o = j - q. Calculate the remainder when o is divided by 7.
5
Let f = -4 - -3. Let k = 73 + -48. Calculate the remainder when k is divided by 13/3*(-3)/f.
12
Let d be -2*1 + (101 - -1). Let b = -37 - -39. Suppose -5*s - d + 4 = -b*k, 4*k = -5*s + 162. What is the remainder when k is divided by 11?
10
Let b(d) = -d**2 - 7*d - 6. Let o be b(-6). Suppose -3*z - 5*c + o = -26, 2*z - 5*c = 9. 